{"id":1168,"date":"2021-08-17T06:25:08","date_gmt":"2021-08-17T06:25:08","guid":{"rendered":"http:\/\/www.rathkolb-bilanzbuchhaltung.com\/?page_id=1168"},"modified":"2021-11-17T13:24:19","modified_gmt":"2021-11-17T13:24:19","slug":"impressum","status":"publish","type":"page","link":"https:\/\/www.rathkolb-bilanzbuchhaltung.com\/?page_id=1168","title":{"rendered":"Impressum"},"content":{"rendered":"\t\t<div data-elementor-type=\"wp-page\" data-elementor-id=\"1168\" class=\"elementor elementor-1168\">\n\t\t\t\t\t\t<section class=\"elementor-section elementor-top-section elementor-element elementor-element-b9eccdf et-business elementor-section-boxed elementor-section-height-default elementor-section-height-default\" data-id=\"b9eccdf\" data-element_type=\"section\">\n\t\t\t\t\t\t<div class=\"elementor-container elementor-column-gap-default\">\n\t\t\t\t\t<div class=\"elementor-column elementor-col-100 elementor-top-column elementor-element elementor-element-907818c\" data-id=\"907818c\" data-element_type=\"column\">\n\t\t\t<div class=\"elementor-widget-wrap elementor-element-populated\">\n\t\t\t\t\t\t<div class=\"elementor-element elementor-element-baca532 elementor-widget elementor-widget-heading\" data-id=\"baca532\" data-element_type=\"widget\" data-widget_type=\"heading.default\">\n\t\t\t\t<div class=\"elementor-widget-container\">\n\t\t\t\t\t<h2 class=\"elementor-heading-title elementor-size-default\">Pflichtangaben<\/h2>\t\t\t\t<\/div>\n\t\t\t\t<\/div>\n\t\t\t\t<div class=\"elementor-element elementor-element-8753bf5 elementor-widget elementor-widget-heading\" data-id=\"8753bf5\" data-element_type=\"widget\" data-widget_type=\"heading.default\">\n\t\t\t\t<div class=\"elementor-widget-container\">\n\t\t\t\t\t<h2 class=\"elementor-heading-title elementor-size-default\">Impressum<\/h2>\t\t\t\t<\/div>\n\t\t\t\t<\/div>\n\t\t\t\t<div class=\"elementor-element elementor-element-11dd925 elementor-widget elementor-widget-text-editor\" data-id=\"11dd925\" data-element_type=\"widget\" data-widget_type=\"text-editor.default\">\n\t\t\t\t<div class=\"elementor-widget-container\">\n\t\t\t\t\t\t\t\t\t<p><strong>Katharina Rathkolb Bilanzbuchhaltung<\/strong><br \/>Bierbaum 112<br \/>A-8093 St. Peter am Ottersbach<\/p><p>Telefon: <a style=\"color: #c71585;\" href=\"tel:00436649155636\">0664 91 55 636<\/a><br \/>E-Mail:\u00a0<a style=\"color: #c71585;\" href=\"mailto:office@rathkolb-bilanzbuchhaltung.com\">office@rathkolb-bilanzbuchhaltung.com<\/a><\/p><p>Offenlegung \u00a7 25 MedienG Medieninhaber und Herausgeber: Katharina Rathkolb Bilanzbuchhaltung<\/p><p>Haftung: S\u00e4mtliche Texte auf der Website wurden sorgf\u00e4ltig gepr\u00fcft. Dessen ungeachtet kann keine Garantie f\u00fcr Richtigkeit, Vollst\u00e4ndigkeit und Aktualit\u00e4t der Angaben \u00fcbernommen werden.<\/p><h2><strong>Haftung<\/strong><\/h2><p>Der Autor dieser Webseiten ist bestrebt, die hier angebotenen Informationen nach bestem Wissen und Gewissen vollst\u00e4ndig und richtig darzustellen und aktuell zu halten. Dennoch kann er keinerlei Haftung f\u00fcr Sch\u00e4den \u00fcbernehmen, die sich aus der Nutzung der angebotenen Informationen ergeben k\u00f6nnen \u2013 auch wenn diese auf die Nutzung von allenfalls unvollst\u00e4ndigen bzw. fehlerhaften Informationen zur\u00fcckzuf\u00fchren sind. Verweise auf fremde Webseiten liegen au\u00dferhalb des Verantwortungsbereiches des Autors. Eine Haftung f\u00fcr die Inhalte von verlinkten Seiten ist ausgeschlossen, zumal der Autor keinen Einfluss auf Inhalte wie Gestaltung von gelinkten Seiten hat. F\u00fcr Inhalte von Seiten, auf welche von Seiten dieser Homepage verwiesen wird, haftet somit allein der Anbieter dieser fremden Webseiten \u2013 niemals jedoch derjenige, der durch einen Link auf fremde Publikationen und Inhalte verweist. Sollten gelinkte Seiten (insbesondere durch Ver\u00e4nderung der Inhalte nach dem Setzen des Links) illegale, fehlerhafte, unvollst\u00e4ndige, beleidigende oder sittenwidrige Informationen beinhalten und wird der Autor dieser Seite auf derartige Inhalte von gelinkten Seiten aufmerksam (gemacht), so wird er einen Link auf derartige Seiten unverz\u00fcglich unterbinden.<\/p><h2><strong>Urheberrecht<\/strong><\/h2><p>Der Inhalt der vom Autor selbst erstellten Inhalte dieser Seiten ist urheberrechtlich gesch\u00fctzt. Jede den Bestimmungen des Urheberrechtsgesetzes widersprechende Verwendung jeglicher Inhalte dieser Webseiten \u2013 insbesondere die weitergehende Nutzung wie beispielsweise die Ver\u00f6ffentlichung, Vervielf\u00e4ltigung und jede Form von gewerblicher Nutzung sowie die Weitergabe an Dritte \u2013 auch in Teilen oder in \u00fcberarbeiteter Form \u2013 ohne ausdr\u00fcckliche Zustimmung des Autors ist untersagt. Davon ausgenommen sind ausdr\u00fccklich zum Download gekennzeichnete Dateien.<\/p><h2><strong>Informationsgehalt<\/strong><\/h2><p>Die Informationen dieser Webseiten k\u00f6nnen ohne vorherige Ank\u00fcndigung ge\u00e4ndert, entfernt oder erg\u00e4nzt werden. Der Autor kann daher keine Garantie f\u00fcr die Korrektheit, Vollst\u00e4ndigkeit oder Qualit\u00e4t und letzte Aktualit\u00e4t der bereitgestellten Informationen geben.<\/p><h2><strong>Rechtswirksamkeit<\/strong><\/h2><p>Durch Nutzung dieser Webseiten unterliegt der Nutzer den gegenst\u00e4ndlichen Ben\u00fctzungsbedingungen. Diese sind Teil des WWW-Angebotes. Sofern Teile oder einzelne Formulierungen der Ben\u00fctzungsbedingungen der geltenden Rechtslage nicht, nicht mehr oder nicht vollst\u00e4ndig entsprechen sollten, bleiben die \u00fcbrigen Teile der Ben\u00fctzungsbedingungen in ihrem Inhalt und ihrer G\u00fcltigkeit davon unber\u00fchrt.<\/p><p>\u00a0<\/p><h3>Design, Konzeption und Umsetzung<\/h3><p>crearteum Kreativagentur<br \/><a href=\"http:\/\/www.crearteum.com\">www.crearteum.com<\/a><\/p><h3>Bilder<\/h3><p>Alle ver\u00f6ffentlichten Bilder auf dieser Website unterliegen dem Urheberrecht.<br \/>Eine Verwertung bedarf daher der Zustimmung der jeweiligen Urhebers.<\/p><h3>Bildnachweise auf <a href=\"http:\/\/www.rathkolb-bilanzbuchhaltung.com\">www.rathkolb-bilanzbuchhaltung.com<\/a>:<\/h3><p>unsplash.com: @christinhumephoto<br \/>freepik.com: @our-team \/ @drobotdean<\/p>\t\t\t\t\t\t\t\t<\/div>\n\t\t\t\t<\/div>\n\t\t\t\t\t<\/div>\n\t\t<\/div>\n\t\t\t\t\t<\/div>\n\t\t<\/section>\n\t\t\t\t<\/div>\n\t\t","protected":false},"excerpt":{"rendered":"<p>Pflichtangaben Impressum Katharina Rathkolb BilanzbuchhaltungBierbaum 112A-8093 St. Peter am Ottersbach Telefon: 0664 91 55 636E-Mail:\u00a0office@rathkolb-bilanzbuchhaltung.com Offenlegung \u00a7 25 MedienG Medieninhaber und Herausgeber: Katharina Rathkolb Bilanzbuchhaltung Haftung: S\u00e4mtliche Texte auf der Website wurden sorgf\u00e4ltig gepr\u00fcft. Dessen ungeachtet kann keine Garantie f\u00fcr Richtigkeit, Vollst\u00e4ndigkeit und Aktualit\u00e4t der Angaben \u00fcbernommen werden. Haftung Der Autor dieser Webseiten ist bestrebt, &hellip; <a href=\"https:\/\/www.rathkolb-bilanzbuchhaltung.com\/?page_id=1168\" class=\"more-link\">Continue reading<span class=\"screen-reader-text\"> &#8222;Impressum&#8220;<\/span><\/a><\/p>\n","protected":false},"author":1,"featured_media":0,"parent":0,"menu_order":0,"comment_status":"closed","ping_status":"closed","template":"elementor_header_footer","meta":{"_vp_format_video_url":"","_vp_image_focal_point":[],"footnotes":""},"class_list":["post-1168","page","type-page","status-publish","hentry"],"yoast_head":"<!-- This site is optimized with the Yoast SEO plugin v26.6 - https:\/\/yoast.com\/wordpress\/plugins\/seo\/ -->\n<title>Impressum - Katharina Rathkolb<\/title>\n<meta name=\"description\" content=\"Impressum Pflichtangaben: Hier finden Sie die aktuellen Impressumsangaben von Katharina Rathkolb Bilanzbuchhaltung.\" \/>\n<meta name=\"robots\" content=\"index, follow, max-snippet:-1, max-image-preview:large, max-video-preview:-1\" \/>\n<link rel=\"canonical\" href=\"https:\/\/www.rathkolb-bilanzbuchhaltung.com\/?page_id=1168\" \/>\n<meta property=\"og:locale\" content=\"de_DE\" \/>\n<meta property=\"og:type\" content=\"article\" \/>\n<meta property=\"og:title\" content=\"Impressum - Katharina Rathkolb\" \/>\n<meta property=\"og:description\" content=\"Impressum Pflichtangaben: Hier finden Sie die aktuellen Impressumsangaben von Katharina Rathkolb Bilanzbuchhaltung.\" \/>\n<meta property=\"og:url\" content=\"https:\/\/www.rathkolb-bilanzbuchhaltung.com\/?page_id=1168\" \/>\n<meta property=\"og:site_name\" content=\"Katharina Rathkolb\" \/>\n<meta property=\"article:modified_time\" content=\"2021-11-17T13:24:19+00:00\" \/>\n<meta name=\"twitter:card\" content=\"summary_large_image\" \/>\n<meta name=\"twitter:label1\" content=\"Gesch\u00e4tzte Lesezeit\" \/>\n\t<meta name=\"twitter:data1\" content=\"2\u00a0Minuten\" \/>\n<script type=\"application\/ld+json\" class=\"yoast-schema-graph\">{\"@context\":\"https:\/\/schema.org\",\"@graph\":[{\"@type\":\"WebPage\",\"@id\":\"https:\/\/www.rathkolb-bilanzbuchhaltung.com\/?page_id=1168\",\"url\":\"https:\/\/www.rathkolb-bilanzbuchhaltung.com\/?page_id=1168\",\"name\":\"Impressum - Katharina Rathkolb\",\"isPartOf\":{\"@id\":\"https:\/\/www.rathkolb-bilanzbuchhaltung.com\/#website\"},\"datePublished\":\"2021-08-17T06:25:08+00:00\",\"dateModified\":\"2021-11-17T13:24:19+00:00\",\"description\":\"Impressum Pflichtangaben: Hier finden Sie die aktuellen Impressumsangaben von Katharina Rathkolb Bilanzbuchhaltung.\",\"breadcrumb\":{\"@id\":\"https:\/\/www.rathkolb-bilanzbuchhaltung.com\/?page_id=1168#breadcrumb\"},\"inLanguage\":\"de\",\"potentialAction\":[{\"@type\":\"ReadAction\",\"target\":[\"https:\/\/www.rathkolb-bilanzbuchhaltung.com\/?page_id=1168\"]}]},{\"@type\":\"BreadcrumbList\",\"@id\":\"https:\/\/www.rathkolb-bilanzbuchhaltung.com\/?page_id=1168#breadcrumb\",\"itemListElement\":[{\"@type\":\"ListItem\",\"position\":1,\"name\":\"Startseite\",\"item\":\"https:\/\/www.rathkolb-bilanzbuchhaltung.com\/\"},{\"@type\":\"ListItem\",\"position\":2,\"name\":\"Impressum\"}]},{\"@type\":\"WebSite\",\"@id\":\"https:\/\/www.rathkolb-bilanzbuchhaltung.com\/#website\",\"url\":\"https:\/\/www.rathkolb-bilanzbuchhaltung.com\/\",\"name\":\"Katharina Rathkolb\",\"description\":\"Ihre pers\u00f6nliche Bilanzbuchhalterin\",\"publisher\":{\"@id\":\"https:\/\/www.rathkolb-bilanzbuchhaltung.com\/#organization\"},\"potentialAction\":[{\"@type\":\"SearchAction\",\"target\":{\"@type\":\"EntryPoint\",\"urlTemplate\":\"https:\/\/www.rathkolb-bilanzbuchhaltung.com\/?s={search_term_string}\"},\"query-input\":{\"@type\":\"PropertyValueSpecification\",\"valueRequired\":true,\"valueName\":\"search_term_string\"}}],\"inLanguage\":\"de\"},{\"@type\":\"Organization\",\"@id\":\"https:\/\/www.rathkolb-bilanzbuchhaltung.com\/#organization\",\"name\":\"Katharina Rathkolb\",\"url\":\"https:\/\/www.rathkolb-bilanzbuchhaltung.com\/\",\"logo\":{\"@type\":\"ImageObject\",\"inLanguage\":\"de\",\"@id\":\"https:\/\/www.rathkolb-bilanzbuchhaltung.com\/#\/schema\/logo\/image\/\",\"url\":\"https:\/\/www.rathkolb-bilanzbuchhaltung.com\/wp-content\/uploads\/2021\/11\/KR_Logo.png\",\"contentUrl\":\"https:\/\/www.rathkolb-bilanzbuchhaltung.com\/wp-content\/uploads\/2021\/11\/KR_Logo.png\",\"width\":810,\"height\":165,\"caption\":\"Katharina Rathkolb\"},\"image\":{\"@id\":\"https:\/\/www.rathkolb-bilanzbuchhaltung.com\/#\/schema\/logo\/image\/\"}}]}<\/script>\n<!-- \/ Yoast SEO plugin. -->","yoast_head_json":{"title":"Impressum - Katharina Rathkolb","description":"Impressum Pflichtangaben: Hier finden Sie die aktuellen Impressumsangaben von Katharina Rathkolb Bilanzbuchhaltung.","robots":{"index":"index","follow":"follow","max-snippet":"max-snippet:-1","max-image-preview":"max-image-preview:large","max-video-preview":"max-video-preview:-1"},"canonical":"https:\/\/www.rathkolb-bilanzbuchhaltung.com\/?page_id=1168","og_locale":"de_DE","og_type":"article","og_title":"Impressum - Katharina Rathkolb","og_description":"Impressum Pflichtangaben: Hier finden Sie die aktuellen Impressumsangaben von Katharina Rathkolb Bilanzbuchhaltung.","og_url":"https:\/\/www.rathkolb-bilanzbuchhaltung.com\/?page_id=1168","og_site_name":"Katharina Rathkolb","article_modified_time":"2021-11-17T13:24:19+00:00","twitter_card":"summary_large_image","twitter_misc":{"Gesch\u00e4tzte Lesezeit":"2\u00a0Minuten"},"schema":{"@context":"https:\/\/schema.org","@graph":[{"@type":"WebPage","@id":"https:\/\/www.rathkolb-bilanzbuchhaltung.com\/?page_id=1168","url":"https:\/\/www.rathkolb-bilanzbuchhaltung.com\/?page_id=1168","name":"Impressum - Katharina Rathkolb","isPartOf":{"@id":"https:\/\/www.rathkolb-bilanzbuchhaltung.com\/#website"},"datePublished":"2021-08-17T06:25:08+00:00","dateModified":"2021-11-17T13:24:19+00:00","description":"Impressum Pflichtangaben: Hier finden Sie die aktuellen Impressumsangaben von Katharina Rathkolb Bilanzbuchhaltung.","breadcrumb":{"@id":"https:\/\/www.rathkolb-bilanzbuchhaltung.com\/?page_id=1168#breadcrumb"},"inLanguage":"de","potentialAction":[{"@type":"ReadAction","target":["https:\/\/www.rathkolb-bilanzbuchhaltung.com\/?page_id=1168"]}]},{"@type":"BreadcrumbList","@id":"https:\/\/www.rathkolb-bilanzbuchhaltung.com\/?page_id=1168#breadcrumb","itemListElement":[{"@type":"ListItem","position":1,"name":"Startseite","item":"https:\/\/www.rathkolb-bilanzbuchhaltung.com\/"},{"@type":"ListItem","position":2,"name":"Impressum"}]},{"@type":"WebSite","@id":"https:\/\/www.rathkolb-bilanzbuchhaltung.com\/#website","url":"https:\/\/www.rathkolb-bilanzbuchhaltung.com\/","name":"Katharina Rathkolb","description":"Ihre pers\u00f6nliche Bilanzbuchhalterin","publisher":{"@id":"https:\/\/www.rathkolb-bilanzbuchhaltung.com\/#organization"},"potentialAction":[{"@type":"SearchAction","target":{"@type":"EntryPoint","urlTemplate":"https:\/\/www.rathkolb-bilanzbuchhaltung.com\/?s={search_term_string}"},"query-input":{"@type":"PropertyValueSpecification","valueRequired":true,"valueName":"search_term_string"}}],"inLanguage":"de"},{"@type":"Organization","@id":"https:\/\/www.rathkolb-bilanzbuchhaltung.com\/#organization","name":"Katharina Rathkolb","url":"https:\/\/www.rathkolb-bilanzbuchhaltung.com\/","logo":{"@type":"ImageObject","inLanguage":"de","@id":"https:\/\/www.rathkolb-bilanzbuchhaltung.com\/#\/schema\/logo\/image\/","url":"https:\/\/www.rathkolb-bilanzbuchhaltung.com\/wp-content\/uploads\/2021\/11\/KR_Logo.png","contentUrl":"https:\/\/www.rathkolb-bilanzbuchhaltung.com\/wp-content\/uploads\/2021\/11\/KR_Logo.png","width":810,"height":165,"caption":"Katharina Rathkolb"},"image":{"@id":"https:\/\/www.rathkolb-bilanzbuchhaltung.com\/#\/schema\/logo\/image\/"}}]}},"_links":{"self":[{"href":"https:\/\/www.rathkolb-bilanzbuchhaltung.com\/index.php?rest_route=\/wp\/v2\/pages\/1168","targetHints":{"allow":["GET"]}}],"collection":[{"href":"https:\/\/www.rathkolb-bilanzbuchhaltung.com\/index.php?rest_route=\/wp\/v2\/pages"}],"about":[{"href":"https:\/\/www.rathkolb-bilanzbuchhaltung.com\/index.php?rest_route=\/wp\/v2\/types\/page"}],"author":[{"embeddable":true,"href":"https:\/\/www.rathkolb-bilanzbuchhaltung.com\/index.php?rest_route=\/wp\/v2\/users\/1"}],"replies":[{"embeddable":true,"href":"https:\/\/www.rathkolb-bilanzbuchhaltung.com\/index.php?rest_route=%2Fwp%2Fv2%2Fcomments&post=1168"}],"version-history":[{"count":66,"href":"https:\/\/www.rathkolb-bilanzbuchhaltung.com\/index.php?rest_route=\/wp\/v2\/pages\/1168\/revisions"}],"predecessor-version":[{"id":2399,"href":"https:\/\/www.rathkolb-bilanzbuchhaltung.com\/index.php?rest_route=\/wp\/v2\/pages\/1168\/revisions\/2399"}],"wp:attachment":[{"href":"https:\/\/www.rathkolb-bilanzbuchhaltung.com\/index.php?rest_route=%2Fwp%2Fv2%2Fmedia&parent=1168"}],"curies":[{"name":"wp","href":"https:\/\/api.w.org\/{rel}","templated":true}]}}